 Calculate o(0).
-382
Let x(l) = -545*l - 5981. Give x(-11).
14
Let t(u) = -75*u + 2315. Calculate t(30).
65
Let a(k) = 5*k**3 - 44*k**2 + 73*k + 1. Give a(2).
11
Let z(h) = 31*h + 1095. What is z(-29)?
196
Let r(z) = z**2 + 26*z + 76. Give r(-14).
-92
Let h(u) = 3*u**2 + 36*u + 65. Calculate h(-10).
5
Let g(f) = -f**3 - 15*f**2 + 289*f - 25. Calculate g(11).
8
Let q(u) = u**2 - 105*u + 1545. What is q(88)?
49
Let g(n) = 216*n + 3648. Give g(-17).
-24
Let r(i) = 74*i + 598. What is r(-8)?
6
Let n(t) = -t**3 + 12*t**2 - 154*t + 859. What is n(7)?
26
Let f(g) = -76*g - 3294. Calculate f(-42).
-102
Let r(n) = -8*n**2 - 2562*n + 2562. Give r(1).
-8
Let q(l) = -12*l**2 - 34*l + 56. Give q(5).
-414
Let k(h) = -286*h - 5152. Give k(-18).
-4
Let j(s) = 72*s + 90. What is j(-7)?
-414
Let l(m) = -3312*m - 19867. Give l(-6).
5
Let b(l) = -3*l**2 - 20*l - 143. Calculate b(-7).
-150
Let s(d) = -38*d + 3894. Determine s(102).
18
Let t(c) = 13*c - 168. Calculate t(13).
1
Let r(l) = -6*l**2 + 34*l + 25. Give r(7).
-31
Let f(d) = 27*d**3 + 51*d**2 - 16. Determine f(-2).
-28
Let v(k) = -k**2 - 43*k - 111. What is v(-33)?
219
Let h(t) = 6*t**2 + 2*t + 2. What is h(4)?
106
Let c(b) = -b**2 - 16*b + 115. Determine c(6).
-17
Let f(j) = -4*j**3 + 2*j**2 + 9*j - 17. Give f(3).
-80
Let u(l) = 3*l + 94. What is u(-22)?
28
Let i(o) = 141*o - 2284. Give i(16).
-28
Let f(p) = p**3 + 21*p**2 + 26*p - 13. What is f(-20)?
-133
Let d(l) = l**2 - 26*l - 204. Give d(-16).
468
Let h(y) = -818*y + 4919. Determine h(6).
11
Let p(c) = -119*c**2 + 2*c - 2. Calculate p(1).
-119
Let b(o) = 36*o - 708. Give b(19).
-24
Let m(i) = -i**2 - 298*i + 1824. Determine m(6).
0
Let z(g) = -2*g**3 - 160*g**2 - 152*g + 381. Calculate z(-79).
-93
Let f(h) = -h - 262. Determine f(-48).
-214
Let w(m) = -m**2 - 57*m - 85. Give w(-54).
77
Let a(u) = -9*u - 709. Calculate a(-54).
-223
Let p(h) = -h**2 + 19*h - 235. Give p(12).
-151
Let p(c) = c**2 + 167*c - 1874. Give p(12).
274
Let j(t) = 19*t**3 + 453*t**2 + 367*t - 21. What is j(-23)?
2
Let q(c) = -c**2 - c - 83. What is q(-16)?
-323
Let r(a) = 19*a + 223. Calculate r(-18).
-119
Let a(k) = k**2 + 112*k - 22716. Calculate a(105).
69
Let w(y) = y**3 + 9*y**2 - 34*y - 25. Give w(-11).
107
Let c(q) = -26*q + 665. Calculate c(10).
405
Let k(o) = -292*o - 8776. Give k(-30).
-16
Let b(z) = -2*z**2 + 39*z + 253. Determine b(24).
37
Let j(f) = 6*f**3 - 364*f**2 - 119*f - 194. What is j(61)?
-11
Let i(u) = -460*u - 2802. Determine i(-6).
-42
Let n(p) = 3*p**2 - 71*p - 2305. What is n(42)?
5
Let k(l) = 9*l - 31. What is k(7)?
32
Let v(n) = -73*n + 458. Give v(10).
-272
Let r(h) = -6*h**2 + 62*h - 118. Determine r(8).
-6
Let s(i) = 26*i - 1018. What is s(54)?
386
Let x(g) = 56*g - 2593. Give x(45).
-73
Let w(n) = n**2 - 35*n - 196. Calculate w(40).
4
Let u(r) = -2*r**3 - 71*r**2 + 27*r - 285. Calculate u(-36).
39
Let g(q) = -36*q - 890. Give g(-18).
-242
Let y(t) = 1034*t + 6179. Give y(-6).
-25
Let y(n) = -n**3 + 2*n**2 + 10*n - 11. Give y(1).
0
Let j(c) = -c**3 - 5*c**2 + 11*c. Give j(-7).
21
Let x(h) = -7*h**3 + 99*h**2 + 71*h - 20. What is x(15)?
-305
Let u(h) = 1699*h**2 + 3434*h + 68. Determine u(-2).
-4
Let t(j) = -15*j**2 - 107*j - 17. Determine t(-8).
-121
Let m(f) = -4*f**2 - 8*f + 24. Calculate m(3).
-36
Let v(b) = -114*b**3 - 2*b**2 - 2*b - 1. Give v(-1).
113
Let w(l) = l**3 - 9*l**2 - 14*l + 207. What is w(7)?
11
Let t(v) = 863*v + 15527. Give t(-18).
-7
Let m(n) = -229*n - 19913. What is m(-87)?
10
Let m(y) = 338*y - 6086. Calculate m(18).
-2
Let p(y) = -y**3 + 14*y**2 + 22*y - 307. What is p(14)?
1
Let r(a) = -124*a + 5954. Determine r(48).
2
Let o(p) = -5*p**2 + 25*p + 53. Calculate o(-7).
-367
Let o(u) = -2*u**3 - 3*u**2 + 3*u + 34. What is o(-6)?
340
Let k(s) = 2*s**2 - 38*s + 96. What is k(14)?
-44
Let x(i) = -i**3 + 60*i**2 - 57*i - 128. Determine x(59).
-10
Let g(l) = 468*l - 10752. What is g(23)?
12
Let h(n) = n**3 - 23*n**2 - 23*n - 24. What is h(24)?
0
Let o(k) = -67*k - 627. What is o(-12)?
177
Let k(c) = -c**3 + 9*c**2 - 4*c - 118. Determine k(0).
-118
Let d(o) = o**2 - 4*o - 280. Calculate d(23).
157
Let l(g) = -g**2 + 27*g - 28. What is l(26)?
-2
Let z(f) = f**3 + 2*f**2 + 8*f - 84. Give z(6).
252
Let n(k) = 1985*k - 4001. Determine n(2).
-31
Let q(f) = 6*f**3 + 2*f**2 + 11*f + 70. Calculate q(0).
70
Let c(w) = 32*w + 361. Calculate c(-5).
201
Let c(b) = -b**2 + 329*b - 25407. Determine c(124).
13
Let k(v) = 3*v - 112. Determine k(-27).
-193
Let k(n) = n**2 - 15*n + 53. Give k(6).
-1
Let k(q) = -3*q**2 - 68*q + 179. What is k(3)?
-52
Let p(l) = -5*l**2 - 17*l - 43. Give p(-6).
-121
Let g(n) = -2*n**3 - 43*n**2 - 62*n - 13. Determine g(-20).
27
Let j(g) = -20*g + 124. Determine j(6).
4
Let t(a) = -a**2 + 202*a - 4722. Calculate t(27).
3
Let t(k) = -19*k + 369. What is t(26)?
-125
Let n(a) = -8*a - 548. Calculate n(-72).
28
Let t(r) = -202*r + 355. What is t(4)?
-453
Let t(a) = -a**3 - 27*a**2 - 25*a + 47. Give t(-26).
21
Let i(s) = -s**2 + 58*s - 716. Determine i(21).
61
Let v(f) = 23*f + 639. Determine v(-33).
-120
Let d(u) = 115*u - 491. What is d(3)?
-146
Let x(c) = c**3 + 8*c**2 - 63*c + 147. What is x(3)?
57
Let w(q) = -6*q**3 - 29*q**2 - 23*q - 143. Calculate w(-5).
-3
Let m(v) = v**3 + 36*v**2 + 62*v - 247. Give m(-34).
-43
Let m(q) = -q**3 + 9*q**2 - 16*q - 18. Determine m(4).
-2
Let s(m) = 728*m - 4352. Calculate s(6).
16
Let j(a) = -4*a**2 + 16*a + 755. What is j(16)?
-13
Let g(h) = h**3 + 38*h**2 + 72*h + 22. Determine g(-36).
22
Let i(v) = 16720*v - 66872. Determine i(4).
8
Let n(y) = -y**2 + 92*y - 1855. Determine n(30).
5
Let k(r) = 4*r**2 + 257*r + 3934. Give k(-39).
-5
Let p(m) = -m**3 + 14*m**2 - 18*m - 116. What is p(12)?
-44
Let n(k) = -k**3 + 15*k**2 + 51*k - 274. Determine n(17).
15
Let g(u) = -u**3 - 18*u**2 - 25*u + 52. What is g(-16)?
-60
Let u(k) = 3*k**2 - 269*k + 5546. What is u(58)?
36
Let s(k) = 2*k**2 + 83*k - 942. Calculate s(-50).
-92
Let v(k) = -k**3 + 6*k**2 - 34*k + 98. What is v(4)?
-6
Let z(i) = i**3 + 143*i**2 + 136*i - 850. What is z(-142)?
2
Let d(y) = -10*y**3 + 101*y**2 + 104*y - 51. Calculate d(11).
4
Let l(r) = 3*r**2 + 277*r + 1106. Give l(-4).
46
Let h(l) = l**3 - 158*l**2 - 110*l - 7841. Calculate h(159).
-50
Let b(d) = d**3 + 21*d**2 - d - 68. What is b(-21)?
-47
Let q(v) = v**3 - 21*v**2 - 231*v + 5098. What is q(19)?
-13
Let q(f) = -2*f**2 + 2412*f + 9660. Give q(-4).
-20
Let t(r) = -2*r**2 + 867*r + 177985. Calculate t(-152).
-7
Let o(i) = 64*i - 632. Determine o(10).
8
Let n(s) = -5*s**2 + 26*s + 78. Give n(-5).
-177
Let h(z) = -54*z - 166. What is h(-5)?
104
Let s(u) = 149*u + 469. Give s(-3).
22
Let t(z) = -3*z**3 + 14*z**2 - 44*z + 148. What is t(4)?
4
Let j(c) = -567*c - 12448. What is j(-22)?
26
Let a(h) = -2*h**3 - 21*h**2 - 43*h - 16. Determine a(-8).
8
Let v(r) = -6*r**3 + 52*r**2 - 3*r + 73. What is v(9)?
-116
Let h(a) = -2*a**3 + 119*a**2 + 183*a + 87. Give h(61).
87
Let y(h) = 9*h**2 + 13*h - 46. Determine y(2).
16
Let m(b) = -11*b - 309. What is m(-49)?
230
Let a(w) = 20056*w - 40117. Determine a(2).
-5
Let m(u) = -153*u - 2129. Determine m(-14).
13
Let u(d) = -4*d**3 + 6*d**2 + d + 26. Determine u(4).
-130
Let c(q) = q**3 - 75*q**2 - 488*q + 151. Determine c(81).
-11
Let x(m) = -81*m + 650. What is x(8)?
2
Let w(c) = 2*c**2 + 265*c + 7751. Give w(-89).
8
Let m(j) = -3*j**2 + 53*j + 42. Determine m(18).
24
Let n(z) = -3*z**3 - 100*z**2 + 69*z + 41. Give n(-34).
7
Let j(g) = -99*g - 434. Determine j(-5).
61
Let l(h) = 2*h**3 + 7*h**2 + 5*h + 22. Determine l(-5).
-78
Let z(r) = -370*r**2 - 568*r. Give z(-2).
-344
Let x(t) = -2*t**2 + 957*t + 2879. Determine x(-3).
-10
Let i(t) = 2*t**3 - 3*t**2 - 3*t - 10. What is i(3)?
8
Let t(q) = -110*q - 1982. What is t(-20)?
218
Let w(i) = 27*i - 855. Determine w(31).
-18
Let s(n) = 250*n + 3814. Determine s(-15).
64
Let b(v) = -707*v - 9893. Calculate b(-14).
5
Let w(i) = -4*i**3 + 34*i**2 - 225*i + 2195. Give w(9).
8
Let x(u) = 490*u**3 + 2*u**2 + 1. What is x(-1)?
-487
Let x(v) = 19*v**2 + 1197*v - 18. Give x(-63).
-18
Let p(y) = -46*y - 165. Calculate p(-3).
-27
Let x(k) = 81*k + 6. Determine x(2).
168
Let i(m) = 2*m**2 + 473*m + 7662. Calculate i(-219).
-3
Let x(l) = -l**3 - 15*l**2 + 9*l - 35. Determine x(-16).
77
Let w(v) = 